 the greatest common factor of 5355 and 373422?
357
What is the greatest common divisor of 40 and 26000?
40
Calculate the highest common factor of 516830 and 80.
10
What is the greatest common factor of 372 and 141825?
93
What is the greatest common factor of 5602755 and 15?
15
What is the highest common factor of 21798 and 543912?
1038
What is the highest common factor of 2886 and 180258?
78
Calculate the highest common factor of 40898415 and 15.
15
What is the highest common divisor of 2160 and 56480?
80
Calculate the greatest common factor of 60030 and 1410.
30
What is the greatest common factor of 18260 and 996?
332
Calculate the greatest common factor of 93904 and 80.
16
What is the highest common factor of 1216 and 114038?
38
What is the greatest common divisor of 13509 and 513?
171
Calculate the highest common divisor of 382653 and 1107.
369
What is the greatest common divisor of 297273 and 2012?
503
What is the highest common divisor of 33520 and 560?
80
Calculate the greatest common divisor of 88876 and 476.
68
Calculate the highest common divisor of 9 and 14037.
3
What is the greatest common divisor of 21 and 14979?
3
Calculate the highest common factor of 4784247 and 39.
39
What is the greatest common divisor of 57 and 15979?
19
Calculate the highest common factor of 100 and 1566775.
25
Calculate the highest common divisor of 7 and 603225.
7
Calculate the highest common divisor of 1 and 13171.
1
Calculate the highest common divisor of 33 and 1697861.
11
Calculate the highest common factor of 65888 and 72.
8
What is the greatest common factor of 38370 and 40?
10
What is the highest common divisor of 174 and 106720?
58
What is the highest common divisor of 12 and 11106?
6
What is the greatest common factor of 14 and 13531?
7
Calculate the highest common factor of 11232 and 2988.
36
What is the highest common divisor of 5856 and 549?
183
What is the highest common factor of 106555 and 35870?
1055
Calculate the highest common divisor of 511883 and 3676.
919
What is the highest common divisor of 155 and 11377?
31
What is the greatest common factor of 105820 and 65?
65
What is the greatest common divisor of 384250 and 5830?
530
Calculate the greatest common factor of 14124 and 21432.
12
What is the highest common factor of 1750 and 1015?
35
Calculate the highest common divisor of 4986 and 180.
18
What is the highest common factor of 9728 and 528896?
512
What is the greatest common factor of 675444 and 22848?
1428
Calculate the highest common divisor of 42 and 145902.
6
What is the greatest common divisor of 366276 and 233?
233
What is the highest common factor of 6699 and 24178?
77
What is the greatest common factor of 42 and 54026?
14
Calculate the greatest common factor of 116063 and 554.
277
What is the highest common factor of 11869 and 1474?
11
Calculate the highest common divisor of 14531 and 165.
11
Calculate the highest common factor of 156 and 1789996.
52
Calculate the highest common divisor of 9208 and 440.
8
Calculate the greatest common divisor of 517276 and 170.
34
What is the highest common factor of 67 and 106865?
67
What is the highest common divisor of 440 and 38368?
88
What is the highest common divisor of 1221 and 759?
33
Calculate the highest common factor of 1743 and 567.
21
What is the greatest common divisor of 56 and 7252?
28
What is the highest common divisor of 260 and 11245?
65
What is the greatest common factor of 144 and 167472?
144
Calculate the greatest common divisor of 65987 and 2622.
437
What is the highest common divisor of 370 and 8288?
74
What is the greatest common factor of 585 and 2639?
13
What is the greatest common divisor of 26 and 34606?
26
What is the greatest common divisor of 5254362 and 9?
9
What is the highest common divisor of 980 and 1420902?
98
What is the highest common factor of 10412 and 58636?
548
Calculate the greatest common divisor of 14172 and 84.
12
What is the highest common divisor of 28896 and 384?
96
Calculate the greatest common divisor of 259912 and 106.
106
What is the highest common factor of 9666 and 702?
54
What is the greatest common factor of 62700 and 20?
20
What is the highest common divisor of 96 and 17553?
3
What is the highest common factor of 2954 and 412294?
422
What is the highest common factor of 508 and 3?
1
What is the highest common factor of 24 and 79896?
24
Calculate the greatest common divisor of 1357 and 828.
23
What is the highest common divisor of 145496 and 3328?
104
Calculate the highest common factor of 45 and 2084265.
45
Calculate the highest common factor of 8 and 1062872.
8
Calculate the highest common factor of 5725 and 225.
25
Calculate the highest common factor of 2004 and 600.
12
Calculate the greatest common divisor of 7744 and 1472.
64
Calculate the greatest common factor of 24 and 165486.
6
What is the greatest common factor of 882 and 191436?
42
Calculate the highest common factor of 4285 and 25.
5
Calculate the greatest common factor of 30 and 63915.
15
Calculate the highest common divisor of 1349187 and 287.
287
What is the highest common divisor of 7553 and 364?
91
Calculate the highest common divisor of 153 and 34137.
9
Calculate the greatest common factor of 55269 and 5589.
621
Calculate the highest common factor of 4366 and 370.
74
Calculate the highest common divisor of 16 and 3492.
4
What is the highest common factor of 287700 and 4725?
525
Calculate the greatest common factor of 156197 and 1433.
1433
What is the greatest common factor of 1062 and 5074?
118
What is the greatest common divisor of 214 and 33491?
107
Calculate the greatest common factor of 696 and 3640544.
232
What is the highest common divisor of 528 and 358992?
48
Calculate the greatest common factor of 29295 and 621.
27
Calculate the highest common divisor of 5875 and 3000.
125
What is the highest common factor of 23 and 53176?
23
What is the greatest common divisor of 858 and 91674?
66
Calculate the highest common divisor of 3 and 27612.
3
What is the greatest common divisor of 40329 and 171?
9
Calculate the highest common divisor of 18494 and 1127.
7
What is the greatest common factor of 45345 and 4530?
15
What is the greatest common factor of 161 and 2451547?
161
Calculate the greatest common divisor of 2741 and 6630479.
2741
What is the highest common divisor of 3284 and 513125?
821
What is the greatest common factor of 130 and 29952?
26
Calculate the highest common divisor of 128826 and 2601.
153
Calculate the greatest common factor of 46157 and 1717.
101
What is the greatest common divisor of 70612 and 4064?
508
What is the greatest common factor of 129 and 45193?
43
What is the greatest common factor of 6362 and 2?
2
Calculate the greatest common factor of 4609 and 77.
11
Calculate the greatest common divisor of 36 and 759696.
12
Calculate the greatest common factor of 297 and 211816.
11
What is the greatest common divisor of 22892 and 6490?
118
What is the highest common factor of 279 and 352315?
31
What is the highest common factor of 379951 and 4719?
143
Calculate the greatest common factor of 22286960 and 305.
305
What is the highest common divisor of 118303 and 697?
17
Calculate the highest common factor of 5887 and 7.
7
What is the highest common divisor of 89965 and 1501?
19
Calculate the greatest common factor of 134675 and 2950.
25
What is the greatest common divisor of 38963 and 47253?
829
Calculate the greatest common divisor of 4120 and 616970.
1030
What is the highest common factor of 189 and 1050441?
21
What is the highest common factor of 312 and 51896?
104
Calculate the greatest common factor of 10210 and 10.
10
Calculate the highest common divisor of 930942 and 18.
18
What is the highest common factor of 8856 and 47574?
54
Calculate the highest common divisor of 500 and 1220.
20
Calculate the greatest common divisor of 1589 and 6645198.
1589
Calculate the greatest common factor of 287 and 13653.
41
What is the greatest common divisor of 11808 and 21708?
36
Calculate the highest common factor of 493 and 3961.
17
What is the highest common divisor of 81126 and 72?
18
What is the highest common factor of 9 and 1444959?
9
What is the highest common divisor of 6 and 28761?
3
Calculate the greatest common divisor of 609 and 2289.
21
What 